git of (-6)/4 + (-433)/s + -6?
0
Let t(a) = 211*a + 2857. What is the tens digit of t(35)?
4
Let x = 53 - 107. Let o = x - -63. Suppose -b + 5*c = o - 34, -52 = -4*b - 4*c. What is the tens digit of b?
1
Let n = 3117 - -39385. What is the tens digit of n?
0
Let z(n) = 83*n**3 + 10*n**2 - 3*n - 19. What is the hundreds digit of z(7)?
9
Let t(l) = 1246*l + 6157. What is the units digit of t(53)?
5
Suppose 18*j - 13*j - 67560 = r, 0 = -2*j - 4*r + 27024. What is the thousands digit of j?
3
Suppose 0 = 3*u - 46*u + 353288. What is the thousands digit of u?
8
Let m(b) = 2316*b**3 - 2*b**2 + 2*b + 4. What is the tens digit of m(2)?
2
What is the units digit of (990/75 - 13)/(1/5) + 4451?
2
Suppose b - 64067 = 2*h - 16072, -5*h = 4*b - 191876. What is the thousands digit of b?
7
Suppose -3*d + 2067 + 273 = 0. Suppose 0 = -4*r - 12, -2*s + 5*r + 283 = -d. Suppose -z = z - s. What is the tens digit of z?
6
Let c(k) = 35*k**3 - 17*k**2 + 16*k - 65. What is the units digit of c(7)?
9
Let o(t) = -8164*t + 427. What is the hundreds digit of o(-1)?
5
Suppose 13*s - 7*s - 54384 = -0*s. What is the thousands digit of s?
9
Suppose -2*d = -3*b + 43818, -35988 - 37056 = -5*b + d. What is the hundreds digit of b?
6
Let k(h) = -h**3 - 35*h**2 + 53*h + 38. Let d be k(-36). Let o = d + 1030. What is the units digit of o?
6
Suppose -12*k + 5*x = -9*k - 136, -5*k + 2*x = -233. Suppose 2*a + 4*n = 1946, -57 = -2*n - k. What is the hundreds digit of a?
9
Suppose 0 = -16*i + 19*i - 4*u - 95275, 0 = -5*i - 4*u + 158781. What is the units digit of i?
7
Let u(r) = -r**2 + 37*r - 187. Let j(x) = x**2 - 36*x + 184. Let n(w) = -7*j(w) - 6*u(w). What is the tens digit of n(18)?
5
Suppose 0 = -4*j - 5*w + 3065, -3*w + 858 + 1440 = 3*j. Let c = j + 13. What is the units digit of c?
8
Let g(p) = 14*p - 2. Let n be g(2). Let j = n - 22. What is the units digit of (-50)/(-18) - j/(-18)?
3
Let s(m) = 16*m**2 - 11*m + 22. Suppose -4*a = 9*a + 52. Let z be 2 + 2 + a/2. What is the units digit of s(z)?
4
Suppose 6886 = h + 37*k - 41*k, -4*h = -3*k - 27492. What is the hundreds digit of h?
8
Let d be (-3)/18 - 199/(-6). Suppose 4*u - 10 = 2*y - 7*y, -4*y - d = -5*u. Suppose -u*j + 28 = -j. What is the units digit of j?
7
What is the hundreds digit of -1 + 8472 + 65*14/182?
4
Suppose k = -3*k - 2*r - 46, -3*r = -k - 15. Let u be -3 + 2 + 122/2. What is the units digit of (5/(u/(-201)))/(3/k)?
7
What is the tens digit of ((-9 - -5) + 11)*(1184 - -9)?
5
Let m = -197 + 215. Suppose 16*d - m*d + 1302 = 0. What is the hundreds digit of d?
6
Let b(x) be the first derivative of -2 + 1/3*x**3 + 1/2*x**2 - 11/4*x**4 + x. What is the tens digit of b(-2)?
9
Let f(t) = 7176*t**2 - 76*t + 152. What is the tens digit of f(2)?
0
What is the hundreds digit of ((-114)/(-30))/((-2)/(-1770))?
3
Suppose -38*w = -37*w - 2786. Suppose 0 = 4*m - w + 986. What is the tens digit of m?
5
Suppose -30*u + 32*u = 392. What is the units digit of (-8)/u*7 + 7086/7?
2
Suppose -16*t - 14300 = -49*t + 22*t. What is the units digit of t?
0
Let o(a) = -a + 101. Let x be o(-8). Let j = x - 8. What is the units digit of j?
1
Let p be 18/(-12)*10/(-3). Suppose 0 = p*w - z + 8763, -4*w - 5*z - 8745 = w. What is the tens digit of (-2)/2 + -2 - w/8?
1
Suppose 0 = 54*t + 37*t - 1164163. What is the hundreds digit of t?
7
What is the units digit of -8 - ((-106)/583 - 82694/22)?
1
Suppose 3*b + 3*f = 2616, -3*f + 878 = -0*b + b. Suppose -10*u = -14*u + 4*c + 1744, 5*c + b = 2*u. What is the units digit of u?
7
What is the tens digit of -2 - 32877/(-12) - (-52)/208?
3
Let y(v) = -v**3 + 36*v**2 - 106*v + 114. Let q be y(33). Suppose -376 = -3*a + 2*a. Let l = q + a. What is the tens digit of l?
5
Let r be 1874/10 - 4/10. Let u = -83 + r. What is the tens digit of u?
0
Let a = 3479 + -2459. Let w = a - 483. What is the hundreds digit of w?
5
Let t(r) = -21*r - 61. Let x(n) = -7*n - 21. Let s(p) = 2*t(p) - 7*x(p). What is the tens digit of s(7)?
7
Suppose -16*v = -33*v + 697. What is the tens digit of ((-698)/(-4))/(v/246)?
4
Let y(n) = -4*n**3 + 3*n**2 - 7*n - 39. Suppose 53*i - 40*i + 78 = 0. What is the units digit of y(i)?
5
Let j(h) = 1626*h**2 - 205*h - 4. What is the units digit of j(-2)?
0
Suppose -3950466 = -207*r + 7799268. What is the hundreds digit of r?
7
Suppose -g - 16 = -13. Let m be (-10)/(-4)*(g + (-285)/(-25)). What is the units digit of -3 - (-246)/m - (-4)/14?
9
Let h(z) = z**2 + 4*z + 10. Let r(a) = -a**3 - a**2 - a - 4. Let b be r(-2). Suppose b*o + 54 = -0*d - 5*d, 3*d + 24 = 3*o. What is the tens digit of h(d)?
7
What is the hundreds digit of 1 - 1 - (-11 - -11) - 10055/(-5)?
0
Let h(q) = 11*q**3 - 160*q**2 - 2*q - 21. What is the thousands digit of h(16)?
4
Suppose -6*n + 55897 = 9*n - 30803. What is the thousands digit of n?
5
Let r = -6032 - -13837. What is the tens digit of r?
0
Suppose 151*m = 153*m - 2130. What is the units digit of m?
5
Let r = 9 + -6. Suppose 4*l = -5*o - 0 + 8, -2*o - 8 = -4*l. Suppose -4*y - 2*t = -r*t - 466, 4*y - 4*t - 460 = o. What is the units digit of y?
7
Suppose -13*n - 7248 = -17*n - 2*v, -n = -3*v - 1826. Suppose -n = -6*x + 2116. What is the hundreds digit of x?
6
Suppose m = -c + 85 + 454, -2*m - 2709 = -5*c. Suppose c = -284*d + 285*d. What is the units digit of d?
1
Suppose 5*k = -4*c + 44571, 0 = 3*c + k - 23021 - 10388. What is the units digit of c?
4
Let l(v) = 8*v**2 + 2*v - 669. What is the units digit of l(-34)?
1
Let j(n) be the second derivative of 35*n**4/12 + n**3/2 - 7*n**2/2 - n + 5. What is the hundreds digit of j(3)?
3
Let k(y) = y**2 - 12*y + 8. Let g be 1/((-1)/(-10)) + (7 - 5). Let o be k(g). What is the units digit of 13/5 + o/20 - -72?
5
Let i(c) = -c**3 + 26*c**2 + 30*c + 41. Let g be i(27). Suppose -4*x + g = -1118. What is the units digit of x?
0
Suppose 8*p = 62 + 19378. Suppose -6*a = -5*q - a + p, -4*q - a = -1919. What is the hundreds digit of q?
4
What is the ten thousands digit of 441/((-7)/(3395/(-15)))?
1
Suppose -66*f + 3480 = -11568. What is the units digit of f?
8
Let j(t) = t**2 + 4*t - 21. Let b be j(-7). Suppose 8*c + 16 = -b*c. What is the units digit of (-3 + 143)/4 + (-5 - c)?
2
Suppose 2*m - 4*a - 22 = 0, -3*m + 4*m - 5*a - 17 = 0. Suppose 6 = x - m*x. What is the tens digit of (-2 + 1)*(x + -83)?
8
Let i = 839 + 4464. What is the thousands digit of i?
5
Suppose -4 = -c, 0 = -4*a + 5*c + 387 - 5435. Let g = -840 - a. What is the tens digit of g?
1
Let q(m) = -110*m - 131. Let z(b) = 8*b - 91. Let k be z(10). What is the thousands digit of q(k)?
1
Suppose 31*w = -11*w + 31063 - 4393. What is the hundreds digit of w?
6
Let k(s) = s**2 + 6*s + 6. Let z be k(-7). Let l(u) = -u**2 + 18*u - 2. Let n be l(z). Let p = n - 17. What is the tens digit of p?
4
Let t(d) = 4*d**2 - 52*d + 540. What is the tens digit of t(15)?
6
Let a = 14574 + 7116. What is the tens digit of (-4)/((-60)/(-9)) - a/(-25)?
6
What is the tens digit of -4 + (-87)/(-21) + (-897870)/(-42)?
7
Let l = -5479 + 10321. What is the hundreds digit of l?
8
What is the thousands digit of (-3 + 4 + 3212)/(88/440)?
6
Let m(g) = 186*g**2 + 140*g - 1278. What is the ten thousands digit of m(9)?
1
Suppose -613*z - 611*z = -1225*z + 13064. What is the tens digit of z?
6
Let l(j) = -j**3 + 7*j**2 + 8*j + 2. Let p be l(8). Let t be p/(-9) + (-195)/(-27). Suppose 0 = -0*w + t*w - 1134. What is the hundreds digit of w?
1
Let z = 44791 - 32888. What is the thousands digit of z?
1
Suppose g = -2186 + 537. Let s = -554 - g. What is the units digit of s?
5
Let o(l) = 12*l - 50. Let v be o(5). Suppose v*c + 1175 + 735 = 0. Let q = c - -439. What is the units digit of q?
8
Let b(s) = 32*s**2 - 818*s + 142. What is the units digit of b(40)?
2
Let z = 21 + -15. Suppose -4*f + 3*i - z*i = -1047, i = -3*f + 784. What is the hundreds digit of f?
2
Suppose u - s - 6 = 0, 17 = -3*u + 7*u + 3*s. Let h be (85 + (-8)/(-2))/1. Suppose h = u*c + 4*k, 2*c + 4*k + 79 = 5*c. What is the tens digit of c?
2
Let i = -12 - 114. Let v = -32 - i. What is the units digit of v?
4
What is the units digit of ((-39)/((-2340)/24) - 56/(-10)) + 23391?
7
Suppose -2*m - 5*o + 10 = 0, -o = 4*m - 0*o - 20. Suppose m*t - 31 = -6. Suppose -t*w - 1246 = -12*w. What is the hundreds digit of w?
1
Suppose 0 = 4*y + z + 2360, 0